{"id":14,"date":"2021-02-18T11:25:16","date_gmt":"2021-02-18T10:25:16","guid":{"rendered":"https:\/\/www.jemma-design.fr\/flush\/?post_type=product&#038;p=14"},"modified":"2021-04-27T18:12:40","modified_gmt":"2021-04-27T16:12:40","slug":"flushine","status":"publish","type":"product","link":"https:\/\/www.jemma-design.fr\/flush\/produit\/flushine\/","title":{"rendered":"Teint Flush"},"content":{"rendered":"<p>Entre soin et maquillage, ce fond de teint 2 en 1, estompeur de rides, est tout ce que vous recherchez pour afficher un teint parfait.<\/p>\n<p>Ce fond de teint ne se contente pas d\u2019embellir instantan\u00e9ment la peau : gr\u00e2ce \u00e0 son effet correcteur de couleur et sa couvrance parfaite, le teint para\u00eet homog\u00e8ne, unifi\u00e9, en une seule application. Enrichi en ingr\u00e9dients aux actifs puissants tels que l\u2019extrait d\u2019hibiscus et l\u2019acide hyaluronique, il hydrate la peau et att\u00e9nue les premiers signes de l\u2019\u00e2ge. Multifonction, il peut \u00eatre utilis\u00e9 en fond de teint ou en correcteur. Sa haute protection SFP50 prot\u00e8ge id\u00e9alement votre peau des dommages dus au soleil.<\/p>\n<p>-&gt; Conseils d&#8217;utilisation :<\/p>\n<p>\u2022 Niveau de couvrance :<\/p>\n<p>Pour une couvrance l\u00e9g\u00e8re \u00e0 moyenne, utilisez une \u00e9ponge humide pour appliquer votre fond de teint. Renouveler l\u2019application afin d\u2019augmenter la couvrance.<br \/>\nPour obtenir une couvrance moyenne \u00e0 haute, utilisez un pinceau fond de teint en faisant des mouvements circulaires. Ajoutez une seconde couche de produit pour une couvrance maximale.<\/p>\n<p>Afin d\u2019obtenir un r\u00e9sultat uniforme sur l\u2019ensemble du visage, il n\u2019est pas recommand\u00e9 d\u2019appliquer le fond de teint avec les doigts.<\/p>\n<p>\u2022 Type de peau :<\/p>\n<p>&#8211; Peaux s\u00e8ches \u00e0 tr\u00e8s s\u00e8ches :<br \/>\nAppliquez votre fond de teint \u00e0 l\u2019aide d\u2019un pinceau et \u00e9vitez de poudrer votre visage.<\/p>\n<p>&#8211; Peaux normales :<br \/>\nAppliquez votre fond de teint \u00e0 l\u2019aide d\u2019une \u00e9ponge humide ou d\u2019un pinceau selon le niveau de couvrance souhait\u00e9.<\/p>\n<p>&#8211; Peaux mixtes \u00e0 grasses :<br \/>\nAppliquez votre fond de teint \u00e0 l\u2019aide d\u2019une \u00e9ponge humide, puis utilisez une poudre matifiante sur la zone T, c\u2019est-\u00e0-dire la partie du visage qui comprend la partie centrale du front, le nez et les ailes du nez, ainsi que le menton.<\/p>\n<p>&#8211; Peaux grasses :<br \/>\nAppliquez votre fond de teint \u00e0 l\u2019aide d\u2019une \u00e9ponge humide, puis utilisez une poudre matifiante sur l\u2019ensemble du visage.<\/p>\n<div class=\"prdct__details-benefits\">\n<h3 class=\"prdct__details-title\"><strong>B\u00e9n\u00e9fice produit<\/strong><\/h3>\n<p>Hydratant et anti-\u00e2ge<br \/>\nCouvrance parfaite.<br \/>\nHaute protection SFP50<br \/>\nTout type de peau<\/p>\n<\/div>\n","protected":false},"excerpt":{"rendered":"<p>Entre soin et maquillage, ce fond de teint 2 en 1, estompeur de rides, est tout ce que vous recherchez pour afficher un teint parfait.<\/p>\n","protected":false},"featured_media":102,"comment_status":"open","ping_status":"closed","template":"","meta":{"inline_featured_image":false},"product_cat":[20],"product_tag":[26],"yoast_head":"<!-- This site is optimized with the Yoast SEO plugin v20.4 - https:\/\/yoast.com\/wordpress\/plugins\/seo\/ -->\n<title>Teint Flush - Flush<\/title>\n<meta name=\"robots\" content=\"index, follow, max-snippet:-1, max-image-preview:large, max-video-preview:-1\" \/>\n<link rel=\"canonical\" href=\"https:\/\/www.jemma-design.fr\/flush\/produit\/flushine\/\" \/>\n<meta property=\"og:locale\" content=\"fr_FR\" \/>\n<meta property=\"og:type\" content=\"article\" \/>\n<meta property=\"og:title\" content=\"Teint Flush - Flush\" \/>\n<meta property=\"og:description\" content=\"Entre soin et maquillage, ce fond de teint 2 en 1, estompeur de rides, est tout ce que vous recherchez pour afficher un teint parfait.\" \/>\n<meta property=\"og:url\" content=\"https:\/\/www.jemma-design.fr\/flush\/produit\/flushine\/\" \/>\n<meta property=\"og:site_name\" content=\"Flush\" \/>\n<meta property=\"article:modified_time\" content=\"2021-04-27T16:12:40+00:00\" \/>\n<meta property=\"og:image\" content=\"https:\/\/www.jemma-design.fr\/flush\/wp-content\/uploads\/2021\/02\/fdt.jpg\" \/>\n\t<meta property=\"og:image:width\" content=\"750\" \/>\n\t<meta property=\"og:image:height\" content=\"500\" \/>\n\t<meta property=\"og:image:type\" content=\"image\/jpeg\" \/>\n<meta name=\"twitter:card\" content=\"summary_large_image\" \/>\n<meta name=\"twitter:label1\" content=\"Dur\u00e9e de lecture estim\u00e9e\" \/>\n\t<meta name=\"twitter:data1\" content=\"2 minutes\" \/>\n<script type=\"application\/ld+json\" class=\"yoast-schema-graph\">{\"@context\":\"https:\/\/schema.org\",\"@graph\":[{\"@type\":\"WebPage\",\"@id\":\"https:\/\/www.jemma-design.fr\/flush\/produit\/flushine\/\",\"url\":\"https:\/\/www.jemma-design.fr\/flush\/produit\/flushine\/\",\"name\":\"Teint Flush - Flush\",\"isPartOf\":{\"@id\":\"https:\/\/www.jemma-design.fr\/flush\/#website\"},\"datePublished\":\"2021-02-18T10:25:16+00:00\",\"dateModified\":\"2021-04-27T16:12:40+00:00\",\"breadcrumb\":{\"@id\":\"https:\/\/www.jemma-design.fr\/flush\/produit\/flushine\/#breadcrumb\"},\"inLanguage\":\"fr-FR\",\"potentialAction\":[{\"@type\":\"ReadAction\",\"target\":[\"https:\/\/www.jemma-design.fr\/flush\/produit\/flushine\/\"]}]},{\"@type\":\"BreadcrumbList\",\"@id\":\"https:\/\/www.jemma-design.fr\/flush\/produit\/flushine\/#breadcrumb\",\"itemListElement\":[{\"@type\":\"ListItem\",\"position\":1,\"name\":\"Accueil\",\"item\":\"https:\/\/www.jemma-design.fr\/flush\/\"},{\"@type\":\"ListItem\",\"position\":2,\"name\":\"Boutique\",\"item\":\"https:\/\/www.jemma-design.fr\/flush\/boutique\/\"},{\"@type\":\"ListItem\",\"position\":3,\"name\":\"Teint Flush\"}]},{\"@type\":\"WebSite\",\"@id\":\"https:\/\/www.jemma-design.fr\/flush\/#website\",\"url\":\"https:\/\/www.jemma-design.fr\/flush\/\",\"name\":\"Flush\",\"description\":\"Un site utilisant WordPress\",\"publisher\":{\"@id\":\"https:\/\/www.jemma-design.fr\/flush\/#organization\"},\"potentialAction\":[{\"@type\":\"SearchAction\",\"target\":{\"@type\":\"EntryPoint\",\"urlTemplate\":\"https:\/\/www.jemma-design.fr\/flush\/?s={search_term_string}\"},\"query-input\":\"required name=search_term_string\"}],\"inLanguage\":\"fr-FR\"},{\"@type\":\"Organization\",\"@id\":\"https:\/\/www.jemma-design.fr\/flush\/#organization\",\"name\":\"Flush\",\"url\":\"https:\/\/www.jemma-design.fr\/flush\/\",\"logo\":{\"@type\":\"ImageObject\",\"inLanguage\":\"fr-FR\",\"@id\":\"https:\/\/www.jemma-design.fr\/flush\/#\/schema\/logo\/image\/\",\"url\":\"https:\/\/www.jemma-design.fr\/flush\/wp-content\/uploads\/2021\/04\/flush-courrone.svg\",\"contentUrl\":\"https:\/\/www.jemma-design.fr\/flush\/wp-content\/uploads\/2021\/04\/flush-courrone.svg\",\"caption\":\"Flush\"},\"image\":{\"@id\":\"https:\/\/www.jemma-design.fr\/flush\/#\/schema\/logo\/image\/\"}}]}<\/script>\n<!-- \/ Yoast SEO plugin. -->","yoast_head_json":{"title":"Teint Flush - Flush","robots":{"index":"index","follow":"follow","max-snippet":"max-snippet:-1","max-image-preview":"max-image-preview:large","max-video-preview":"max-video-preview:-1"},"canonical":"https:\/\/www.jemma-design.fr\/flush\/produit\/flushine\/","og_locale":"fr_FR","og_type":"article","og_title":"Teint Flush - Flush","og_description":"Entre soin et maquillage, ce fond de teint 2 en 1, estompeur de rides, est tout ce que vous recherchez pour afficher un teint parfait.","og_url":"https:\/\/www.jemma-design.fr\/flush\/produit\/flushine\/","og_site_name":"Flush","article_modified_time":"2021-04-27T16:12:40+00:00","og_image":[{"width":750,"height":500,"url":"https:\/\/www.jemma-design.fr\/flush\/wp-content\/uploads\/2021\/02\/fdt.jpg","type":"image\/jpeg"}],"twitter_card":"summary_large_image","twitter_misc":{"Dur\u00e9e de lecture estim\u00e9e":"2 minutes"},"schema":{"@context":"https:\/\/schema.org","@graph":[{"@type":"WebPage","@id":"https:\/\/www.jemma-design.fr\/flush\/produit\/flushine\/","url":"https:\/\/www.jemma-design.fr\/flush\/produit\/flushine\/","name":"Teint Flush - Flush","isPartOf":{"@id":"https:\/\/www.jemma-design.fr\/flush\/#website"},"datePublished":"2021-02-18T10:25:16+00:00","dateModified":"2021-04-27T16:12:40+00:00","breadcrumb":{"@id":"https:\/\/www.jemma-design.fr\/flush\/produit\/flushine\/#breadcrumb"},"inLanguage":"fr-FR","potentialAction":[{"@type":"ReadAction","target":["https:\/\/www.jemma-design.fr\/flush\/produit\/flushine\/"]}]},{"@type":"BreadcrumbList","@id":"https:\/\/www.jemma-design.fr\/flush\/produit\/flushine\/#breadcrumb","itemListElement":[{"@type":"ListItem","position":1,"name":"Accueil","item":"https:\/\/www.jemma-design.fr\/flush\/"},{"@type":"ListItem","position":2,"name":"Boutique","item":"https:\/\/www.jemma-design.fr\/flush\/boutique\/"},{"@type":"ListItem","position":3,"name":"Teint Flush"}]},{"@type":"WebSite","@id":"https:\/\/www.jemma-design.fr\/flush\/#website","url":"https:\/\/www.jemma-design.fr\/flush\/","name":"Flush","description":"Un site utilisant WordPress","publisher":{"@id":"https:\/\/www.jemma-design.fr\/flush\/#organization"},"potentialAction":[{"@type":"SearchAction","target":{"@type":"EntryPoint","urlTemplate":"https:\/\/www.jemma-design.fr\/flush\/?s={search_term_string}"},"query-input":"required name=search_term_string"}],"inLanguage":"fr-FR"},{"@type":"Organization","@id":"https:\/\/www.jemma-design.fr\/flush\/#organization","name":"Flush","url":"https:\/\/www.jemma-design.fr\/flush\/","logo":{"@type":"ImageObject","inLanguage":"fr-FR","@id":"https:\/\/www.jemma-design.fr\/flush\/#\/schema\/logo\/image\/","url":"https:\/\/www.jemma-design.fr\/flush\/wp-content\/uploads\/2021\/04\/flush-courrone.svg","contentUrl":"https:\/\/www.jemma-design.fr\/flush\/wp-content\/uploads\/2021\/04\/flush-courrone.svg","caption":"Flush"},"image":{"@id":"https:\/\/www.jemma-design.fr\/flush\/#\/schema\/logo\/image\/"}}]}},"_links":{"self":[{"href":"https:\/\/www.jemma-design.fr\/flush\/wp-json\/wp\/v2\/product\/14"}],"collection":[{"href":"https:\/\/www.jemma-design.fr\/flush\/wp-json\/wp\/v2\/product"}],"about":[{"href":"https:\/\/www.jemma-design.fr\/flush\/wp-json\/wp\/v2\/types\/product"}],"replies":[{"embeddable":true,"href":"https:\/\/www.jemma-design.fr\/flush\/wp-json\/wp\/v2\/comments?post=14"}],"wp:featuredmedia":[{"embeddable":true,"href":"https:\/\/www.jemma-design.fr\/flush\/wp-json\/wp\/v2\/media\/102"}],"wp:attachment":[{"href":"https:\/\/www.jemma-design.fr\/flush\/wp-json\/wp\/v2\/media?parent=14"}],"wp:term":[{"taxonomy":"product_cat","embeddable":true,"href":"https:\/\/www.jemma-design.fr\/flush\/wp-json\/wp\/v2\/product_cat?post=14"},{"taxonomy":"product_tag","embeddable":true,"href":"https:\/\/www.jemma-design.fr\/flush\/wp-json\/wp\/v2\/product_tag?post=14"}],"curies":[{"name":"wp","href":"https:\/\/api.w.org\/{rel}","templated":true}]}}